4?
146
What is the highest common factor of 78744954 and 1017?
339
What is the highest common factor of 1125458 and 19548?
362
What is the greatest common factor of 4408224 and 12032?
1504
What is the greatest common factor of 36577792 and 15437?
359
Calculate the highest common factor of 384 and 527242176.
192
Calculate the greatest common factor of 12379814 and 298.
298
What is the greatest common factor of 78099307 and 143?
143
Calculate the highest common factor of 4892381 and 26.
13
What is the highest common divisor of 992670 and 75?
15
Calculate the greatest common factor of 1232 and 5566330.
154
Calculate the greatest common divisor of 59469 and 28380.
129
Calculate the highest common factor of 3387226058 and 778.
778
What is the greatest common divisor of 168494145 and 75?
15
What is the greatest common factor of 147 and 15232287?
147
Calculate the highest common divisor of 26017763 and 1477288.
9719
Calculate the highest common divisor of 4624 and 551072.
272
Calculate the greatest common factor of 1324225 and 13952260.
5635
What is the highest common factor of 80000 and 2060?
20
What is the greatest common divisor of 623 and 15144507?
623
Calculate the greatest common factor of 138 and 101819505.
69
Calculate the highest common factor of 6 and 3358434.
6
Calculate the highest common divisor of 812 and 56520072.
812
Calculate the greatest common divisor of 1633944071 and 5539.
5539
What is the greatest common divisor of 100657 and 5157?
191
Calculate the greatest common factor of 72 and 810036.
36
What is the greatest common divisor of 2390766 and 13496?
14
Calculate the highest common divisor of 839997129 and 921.
921
Calculate the highest common divisor of 525869 and 63.
1
What is the highest common factor of 754 and 25610?
26
Calculate the highest common divisor of 147 and 12063.
3
Calculate the greatest common factor of 4483441 and 146.
73
What is the greatest common factor of 300300 and 91377?
429
What is the greatest common divisor of 277004515 and 1235?
95
Calculate the highest common divisor of 118648400 and 975.
325
What is the greatest common factor of 262899511 and 4735?
947
Calculate the greatest common factor of 393839348 and 5068.
5068
What is the greatest common divisor of 5536 and 5259104?
32
What is the highest common divisor of 2603126 and 47720?
2386
What is the greatest common factor of 1369 and 9998991?
37
What is the greatest common factor of 8120 and 569560?
1160
Calculate the greatest common factor of 131 and 75533683.
131
What is the greatest common factor of 10538 and 614078?
958
Calculate the highest common factor of 245880 and 552.
24
Calculate the greatest common divisor of 7224 and 2233371840.
7224
What is the greatest common factor of 284662574 and 14?
14
Calculate the highest common factor of 15599 and 11007968.
821
Calculate the highest common divisor of 2886 and 9594026.
962
Calculate the greatest common divisor of 1736945 and 12845.
35
What is the highest common factor of 294651 and 783?
27
Calculate the highest common factor of 880 and 15084560.
80
Calculate the highest common divisor of 96389 and 1131078.
853
What is the highest common factor of 5253 and 2197608?
309
What is the highest common factor of 1816059 and 2604?
21
Calculate the greatest common factor of 16807 and 1010729762.
2401
What is the highest common divisor of 3210 and 1563698?
214
Calculate the highest common factor of 1540 and 729732080.
1540
What is the highest common divisor of 308 and 673372?
28
What is the greatest common factor of 44 and 3363481?
11
What is the greatest common factor of 1998 and 7259814?
54
What is the highest common factor of 106 and 125662?
2
What is the highest common divisor of 2900 and 144119850?
1450
What is the greatest common factor of 851512 and 67912?
5224
What is the highest common factor of 8439426 and 378?
18
Calculate the greatest common factor of 11160 and 186282.
18
Calculate the greatest common divisor of 21472496 and 89.
89
Calculate the highest common divisor of 437515 and 55245.
635
What is the greatest common divisor of 16 and 81521592?
8
What is the greatest common factor of 408891 and 525?
21
Calculate the greatest common divisor of 1512388943 and 3887.
3887
What is the greatest common factor of 86 and 154354692?
86
What is the highest common divisor of 12064 and 75528064?
928
What is the greatest common factor of 5139 and 285516559?
571
Calculate the highest common divisor of 189 and 1680480.
27
What is the greatest common divisor of 46 and 21138886?
46
Calculate the greatest common factor of 7868948 and 118.
118
What is the highest common factor of 203025 and 1700?
25
What is the highest common factor of 2045840 and 18939?
107
What is the greatest common divisor of 9292 and 11501173?
2323
Calculate the highest common divisor of 3796488 and 4824.
4824
What is the highest common factor of 411718 and 75338?
278
Calculate the highest common factor of 1150926 and 78528.
2454
What is the greatest common divisor of 47345 and 6035?
85
Calculate the highest common divisor of 8445 and 2118495.
15
What is the highest common factor of 119313933 and 2715?
543
What is the highest common divisor of 795084 and 588?
12
Calculate the greatest common divisor of 31085 and 1165.
5
Calculate the greatest common factor of 27983898 and 90.
18
Calculate the highest common divisor of 3717 and 191447802.
3717
What is the highest common factor of 5646816 and 9702?
126
Calculate the highest common factor of 21736690 and 1902.
634
What is the highest common divisor of 3482560 and 3?
1
What is the greatest common factor of 71 and 279915299?
71
Calculate the highest common divisor of 633039 and 20823.
33
Calculate the greatest common divisor of 99 and 187304568.
33
What is the highest common factor of 9882 and 436104?
162
What is the greatest common factor of 550 and 5150894650?
550
Calculate the greatest common factor of 1662 and 8722730.
554
Calculate the greatest common divisor of 2230690797 and 18.
9
Calculate the greatest common divisor of 19992 and 294840.
168
Calculate the highest common factor of 1120 and 1858285520.
560
What is the highest common factor of 2704 and 324922?
26
Calculate the highest common divisor of 1323368 and 55384.
344
Calculate the greatest common factor of 167214 and 3886.
58
Calculate the highest common divisor of 212615 and 2275.
65
Calculate the greatest common divisor of 7787505 and 763.
109
What is the highest common factor of 54 and 42518118?
6
Calculate the highest common divisor of 3546 and 14433402.
1182
Calculate the highest common divisor of 7215 and 7573605.
195
What is the highest common divisor of 32704240 and 656?
16
Calculate the highest common factor of 1282078 and 1316.
14
Calculate the highest common divisor of 415716 and 1068.
12
Calculate the highest common factor of 1633 and 2738257.
71
What is the greatest common divisor of 358750 and 2647500?
1250
Calculate the highest common divisor of 167555322 and 50094.
4554
Calculate the highest common divisor of 3585 and 13894743.
717
What is the highest common divisor of 13798851 and 603?
201
Calculate the greatest common divisor of 3268728 and 296.
296
Calculate the greatest common divisor of 2204 and 4636.
76
What is the greatest common divisor of 1990 and 2518903195?
995
Calculate the greatest common factor of 1282663 and 565.
113
What is the highest common divisor of 490003608 and 96?
24
Calculate the highest common divisor of 1610 and 36637390.
230
What is the greatest common divisor of 4641 and 117836316?
663
What is the highest common divisor of 15 and 462544005?
15
What is the greatest common divisor of 22561918 and 14743?
641
Calculate the highest common factor of 406245 and 5037000.
1095
What is the highest common factor of 92 and 14444713?
23
Calculate the greatest common factor of 2813208 and 75654.
2802
What is the highest common factor of 9 and 1804791?
3
What is the greatest common factor of 3075855052 and 19?
19
What is the greatest common divisor of 15055311 and 3?
3
Calculate the greatest common factor of 6750 and 54662580.
270
Calculate the greatest common divisor of 3483 and 584.
1
What is the greatest common factor of 684893 and 12673?
551
Calculate the highest common factor of 61732 and 6089996